{"id":387,"date":"2019-12-30T13:02:30","date_gmt":"2019-12-30T13:02:30","guid":{"rendered":"https:\/\/guestid.info\/?page_id=387"},"modified":"2022-02-23T10:43:52","modified_gmt":"2022-02-23T10:43:52","slug":"impressum","status":"publish","type":"page","link":"https:\/\/www.guestid.info\/index.php\/impressum\/","title":{"rendered":"Impressum"},"content":{"rendered":"<div class=\"wpb-content-wrapper\"><p>[vc_row][vc_column][vc_custom_heading text=&#8220;Impressum&#8220; use_theme_fonts=&#8220;yes&#8220; css=&#8220;.vc_custom_1577981632117{border-top-width: 20px !important;padding-bottom: 20px !important;}&#8220;][\/vc_column][\/vc_row][vc_row][vc_column][vc_column_text]guestID GmbH<br \/>\nLudwig-Wolker-Str. 10<br \/>\n40477 D\u00fcsseldorf<br \/>\nDeutschland<\/p>\n<p>Tel.: +49 211 9595-8080<br \/>\nE-Mail: hallo@guestid.de<br \/>\nWeb: guestid.info<\/p>\n<p>Gesch\u00e4ftsf\u00fchrung: Ren\u00e9 A. Kohl\/ Peter R\u00f6hl<\/p>\n<p>Amtsgericht D\u00fcsseldorf<br \/>\nHR-Nr.: HBR 87009<\/p>\n<p>USt.-ID: DE325973528<\/p>\n<p>[\/vc_column_text][\/vc_column][\/vc_row]<\/p>\n<\/div>","protected":false},"excerpt":{"rendered":"<p>[vc_row][vc_column][vc_custom_heading text=&#8220;Impressum&#8220; use_theme_fonts=&#8220;yes&#8220; css=&#8220;.vc_custom_1577981632117{border-top-width: 20px !important;padding-bottom: 20px !important;}&#8220;][\/vc_column][\/vc_row][vc_row][vc_column][vc_column_text]guestID GmbH Ludwig-Wolker-Str. 10 40477 D\u00fcsseldorf Deutschland Tel.: +49 211 9595-8080 E-Mail: hallo@guestid.de Web: guestid.info Gesch\u00e4ftsf\u00fchrung: Ren\u00e9 A. Kohl\/ Peter R\u00f6hl Amtsgericht D\u00fcsseldorf HR-Nr.: HBR 87009 USt.-ID: DE325973528 [\/vc_column_text][\/vc_column][\/vc_row]<\/p>\n","protected":false},"author":2,"featured_media":0,"parent":0,"menu_order":0,"comment_status":"closed","ping_status":"closed","template":"","meta":{"footnotes":""},"class_list":["post-387","page","type-page","status-publish","hentry","description-off"],"_links":{"self":[{"href":"https:\/\/www.guestid.info\/index.php\/wp-json\/wp\/v2\/pages\/387","targetHints":{"allow":["GET"]}}],"collection":[{"href":"https:\/\/www.guestid.info\/index.php\/wp-json\/wp\/v2\/pages"}],"about":[{"href":"https:\/\/www.guestid.info\/index.php\/wp-json\/wp\/v2\/types\/page"}],"author":[{"embeddable":true,"href":"https:\/\/www.guestid.info\/index.php\/wp-json\/wp\/v2\/users\/2"}],"replies":[{"embeddable":true,"href":"https:\/\/www.guestid.info\/index.php\/wp-json\/wp\/v2\/comments?post=387"}],"version-history":[{"count":4,"href":"https:\/\/www.guestid.info\/index.php\/wp-json\/wp\/v2\/pages\/387\/revisions"}],"predecessor-version":[{"id":454,"href":"https:\/\/www.guestid.info\/index.php\/wp-json\/wp\/v2\/pages\/387\/revisions\/454"}],"wp:attachment":[{"href":"https:\/\/www.guestid.info\/index.php\/wp-json\/wp\/v2\/media?parent=387"}],"curies":[{"name":"wp","href":"https:\/\/api.w.org\/{rel}","templated":true}]}}